{"id":42,"date":"2023-05-30T12:47:15","date_gmt":"2023-05-30T12:47:15","guid":{"rendered":"http:\/\/193.194.89.179\/wp_lamcdro\/?page_id=42"},"modified":"2024-10-14T10:29:54","modified_gmt":"2024-10-14T10:29:54","slug":"modelisation-et-resolution-exacte-et-approchee-des-problemes-doptimisation-combinatoire-mrea-poc","status":"publish","type":"page","link":"https:\/\/lamcdro.usthb.dz\/index.php\/equipes-de-recherche\/modelisation-et-resolution-exacte-et-approchee-des-problemes-doptimisation-combinatoire-mrea-poc\/","title":{"rendered":"Mod\u00e9lisation et R\u00e9solution Exacte et Approch\u00e9e des Probl\u00e8mes d&#8217;Optimisation Combinatoire (MREA-POC)"},"content":{"rendered":"\n<h3 class=\"wp-block-heading has-luminous-dusk-gradient-background has-background\">Titre de l&#8217;\u00e9quipe : Mod\u00e9lisation et R\u00e9solution Exacte et Approch\u00e9e des Probl\u00e8mes d&#8217;Optimisation Combinatoire (MREA-POC)<\/h3>\n\n\n\n<p><\/p>\n\n\n\n<div class=\"wp-block-media-text alignwide is-stacked-on-mobile has-background\" style=\"background:linear-gradient(135deg,rgb(255,245,203) 29%,rgb(182,227,212) 74%,rgb(51,167,181) 100%)\"><figure class=\"wp-block-media-text__media\"><\/figure><div class=\"wp-block-media-text__content\">\n<p><strong>Chef de l\u2019\u00e9quipe&nbsp;:<\/strong> <strong>DAHMANI Isma<\/strong><\/p>\n\n\n\n<p><strong>Grade&nbsp;: Ma\u00eetre de conf\u00e9rences<\/strong><\/p>\n<\/div><\/div>\n\n\n\n<p><\/p>\n\n\n\n<h3 class=\"wp-block-heading has-luminous-dusk-gradient-background has-background\"><strong>Liste&nbsp; des membres de l\u2019\u00e9quipe<\/strong><\/h3>\n\n\n\n<figure class=\"wp-block-table is-style-stripes\"><table><tbody><tr><td><strong>Nom&nbsp; &amp; Pr\u00e9nom<\/strong><\/td><td><strong>&nbsp;Grade&nbsp;Dernier<\/strong><\/td><td><strong>Grade Sp\u00e9cialit\u00e9&nbsp; <\/strong><\/td><td><strong>&nbsp;Structure de rattachement<\/strong><\/td><\/tr><tr><td>DAHMANI Isma&nbsp;&nbsp;&nbsp;&nbsp;<\/td><td>MCA&nbsp;<\/td><td>HU&nbsp; <\/td><td>USTHB<\/td><\/tr><tr><td>BENKANOUN Yazid&nbsp;&nbsp;&nbsp;<\/td><td>MCB&nbsp; &nbsp;<\/td><td>D<\/td><td>USTHB<\/td><\/tr><tr><td>FERROUM Meriem&nbsp;&nbsp;<\/td><td>Doctorant<\/td><td>D<\/td><td>USTHB&nbsp;&nbsp;<\/td><\/tr><tr><td>BOUKHARI Samah&nbsp;&nbsp;<\/td><td>Doctorant<\/td><td>MS&nbsp;<\/td><td>USTHB<\/td><\/tr><tr><td>MOKRANI Amira Nagham<\/td><td>Doctorant&nbsp;<\/td><td>MS&nbsp; &nbsp;<\/td><td>USTHB<\/td><\/tr><tr><td>LACHEMI HADJOUT Nadia<\/td><td>Doctorant<\/td><td>MS<\/td><td>USTHB<\/td><\/tr><\/tbody><\/table><\/figure>\n\n\n\n<p><\/p>\n\n\n\n<h3 class=\"wp-block-heading has-luminous-dusk-gradient-background has-background\"><strong>Objectifs de l\u2019\u00e9quipe<\/strong><\/h3>\n\n\n\n<p>L\u2019\u00e9quipe s\u2019int\u00e9resse \u00e0 l\u2019\u00e9tude d\u2019une classe qui porte un int\u00e9r\u00eat important sur le plan th\u00e9orique ainsi que sur le plan pratique \u00e0 titre d&#8217;exemple les probl\u00e8mes d&#8217;optimisation combinatoire, en particulier les probl\u00e8mes qui sont &nbsp;formul\u00e9s comme des programmes lin\u00e9aires en nombres entiers.&nbsp;&nbsp;La famille de probl\u00e8mes de sac-\u00e0-dos ou &#8220;knapsack&#8221; &nbsp;(KP)&nbsp;&nbsp;est repr\u00e9sent\u00e9e&nbsp;&nbsp;par&nbsp;&nbsp;un programme lin\u00e9aire en nombres entiers ne comprenant qu\u2019une seule contrainte fonctionnelle. Ce probl\u00e8mes poss\u00e8de plusieurs applications pertinentes li\u00e9es \u00e0 la prise de d\u00e9cision et aux syst\u00e8mes intelligents comme&nbsp;: le partitionnement de base de donn\u00e9es, la fabrication flexible, la prise de d\u00e9cision financi\u00e8re, le prototypage de cl\u00e9 publique etc.&nbsp;&nbsp;<\/p>\n\n\n\n<p>La&nbsp; contribution&nbsp; de l&#8217;\u00e9quipe&nbsp;se focalise&nbsp; sur quelques variantes de probl\u00e8mes de type sac \u00e0 dos, o\u00f9 nous envisageons de d\u00e9velopper des m\u00e9thodes exactes, approch\u00e9es et hybrides pour leurs r\u00e9solutions.&nbsp;<\/p>\n\n\n\n<p>Un des vecteurs porteurs de nos recherches portera sur les probl\u00e8mes &#8221;multiobjevtive shrtest path&#8221; avec des &#8221; Assignements&nbsp;optimales&#8221; en utilisant&nbsp;des agr\u00e9gations&nbsp;de types flous&#8221; L&#8217;int\u00e9grale&nbsp;de Choquet &#8221;. Les capacit\u00e9s&nbsp;non additives&nbsp; peuvent intervenir dans la&nbsp;d\u00e9termination des solutions de tous les probl\u00e8mes&nbsp;cit\u00e9s ci-dessus.<\/p>\n\n\n\n<h3 class=\"wp-block-heading has-luminous-dusk-gradient-background has-background\"><strong>Mots cl\u00e9s<\/strong><\/h3>\n\n\n\n<p>Optimisation Combinatoire, Programmation en nombres entiers, m\u00e9thodes exactes, m\u00e9thodes approch\u00e9es, knapsack, multi-objectif, Capacit\u00e9s non additives ,Plus courts chemins&nbsp; multi objectif, Optimisation multi objectif, Logique flou.<\/p>\n\n\n\n<h3 class=\"wp-block-heading has-white-background-color has-background\"><strong>Publications internationales<\/strong><\/h3>\n\n\n\n<blockquote class=\"wp-block-quote is-layout-flow wp-block-quote-is-layout-flow\">\n<ol class=\"has-background wp-block-list\" style=\"background:linear-gradient(89deg,rgb(255,245,203) 0%,rgb(182,227,212) 50%,rgb(51,167,181) 100%)\">\n<li>S. Boukhari , I. Dahmani and M Hifi. Effect of the local branching strategy on the descent method : The case of the generalized multiple knapsack with setup. : Computers and Industrial Engineering, vol 165, pp. 107934, 2022<strong>.&nbsp;<\/strong><\/li>\n\n\n\n<li>Isma Dahmani, Meriem Ferroum&nbsp; et Mhand Hifi : Effect of Backtracking Strategy in Population-Based Approach : The Case of the Set-Union Knapsack Problem : Cybernetics and Systems, vol. 53, no 1, p. 168-185, 2022.<\/li>\n\n\n\n<li>S. Boukhari , I. Dahmani and M Hifi. Computational power of a hybrid algorithm for solving the multiple knapsack problem with setup : In Intelligent Computing, Springer, Cham, pp. 154-168, 2022.<\/li>\n\n\n\n<li>I. Dahmani, M. Ferroum, and M. Hifi. An iterative rounding strategy-based algorithm for the set-union knapsack problem : Soft Computing&nbsp; vol. 25, no 21, &nbsp;(2021), p. 13617-13639.<\/li>\n\n\n\n<li>S. Boukhari , I. Dahmani and M Hifi. Effect of valid cardinality constraints in local branching : the case of the knapsack problem with setup : Information Technology in Industry (ITII), vol. 8, no.3, 2020 .<\/li>\n\n\n\n<li>Yazid, B., Sadek, B., &amp; Djamal, C. (2020). Evolutionary metaheuristics to solve multiobjective assignment problem in telecommunication network: Multiobjective assignment problem. International Journal of Applied Metaheuristic Computing (IJAMC), 11(2), 56-76.<\/li>\n\n\n\n<li>I. Dahmani and Mhand Hifi, T Saadi and L Yousef. A Swarm Optimization-Based Search Algorithm for the Quadratic Knapsack Problem with Conict Graphs : Expert Systems with Applications, vol. 148, p. 113224, 2020.<\/li>\n\n\n\n<li>I. Dahmani and Mhand Hifi. A modified descent method-based heuristic for binary quadratic knapsack problems with conflict graphs : Annals of Operations Research, p. 1\u201323, 2019.<\/li>\n\n\n\n<li>I. Dahmani, Mhand Hifi and Lei WuAn exact decomposition algorithm for the generalized knapsack sharing problem. European Journal of Operational Research, vol. 252(3), pp. 761-774, 2016.<\/li>\n\n\n\n<li>I. Dahmani and R Ouafi. Improved algorithm for orthogonal rectangular packing problem. International Journal of Information Sciences and Computer Engineering, vol. 1(2), pp. 21-25, 2010.<\/li>\n\n\n\n<li>S. Boukhari , I. Dahmani and M Hifi. : Local branching strategy-based method for the knapsack problem with setup : Proceedings of the 4th International Conference on Artificial Intelligence, Soft Computing And Applications, CS and IT-CSCP, Springer, Cham, pp. 65-75, 2020.<\/li>\n<\/ol>\n<\/blockquote>\n\n\n\n<h3 class=\"wp-block-heading\"><strong>Conf\u00e9rences et&nbsp; S\u00e9minaire<\/strong><\/h3>\n\n\n\n<blockquote class=\"wp-block-quote is-layout-flow wp-block-quote-is-layout-flow\">\n<ol class=\"has-background wp-block-list\" style=\"background:linear-gradient(135deg,rgba(255,106,0,0.11) 100%,rgb(207,46,46) 100%)\">\n<li>I. Dahmani, M. Ferroum , M. Hifi,, An Iterative Algorithm for Solving the Multiple Knapsack Assignment Problem , 23\u00e8me congr\u00e8s annuel de la soci\u00e9t\u00e9 Fran\u00e7aise de Recherche Op\u00e9rationnelle et d\u2019Aide \u00e0 la D\u00e9cision (ROADEF2022), \u00e0 Lyon de, 23-25 f\u00e9vrier 2022.<\/li>\n\n\n\n<li>S. Boukhari, I. Dahmani, M. Hifi, A Hybrid Algorithm for Solving the Multiple Knapsack Problem with Setup. , 23\u00e8me congr\u00e8s annuel de la soci\u00e9t\u00e9 Fran\u00e7aise de Recherche Op\u00e9rationnelle et d\u2019Aide \u00e0 la D\u00e9cision (ROADEF2022), \u00e0 Lyon de, 23-25 f\u00e9vrier 2022.<\/li>\n\n\n\n<li>I. Dahmani, M. Ferroum , M. Hifi, An iterative approach for set-union knapsack problem , 22\u00e8me congr\u00e8s annuel de la soci\u00e9t\u00e9 Fran\u00e7aise de Recherche Op\u00e9rationnelle et d\u2019Aide \u00e0 la D\u00e9cision (ROADEF2021), Laboratoire IRIMAS de l\u2019Universit\u00e9 de Haute-Alsace, de, 26-30 avril 2021.<\/li>\n\n\n\n<li>S. Boukhari , I. Dahmani, M. Hifi, A Local Branching for the Knapsack Problem with Setup , 22\u00e8me congr\u00e8s annuel de la soci\u00e9t\u00e9 Fran\u00e7aise de Recherche Op\u00e9rationnelle et d\u2019Aide \u00e0 la D\u00e9cision (ROADEF2021), Laboratoire IRIMAS de l\u2019Universit\u00e9 de Haute-Alsace, de, 26-30 avril 2021.<\/li>\n\n\n\n<li>S. Boukhari, I. Dahmani, M. Hifi, Computational Power of a Hybrid Algorithm for Solving the Multiple Knapsack Problem with Setup , Computing Conference 2021, 15 et 16 juillet 2021.<\/li>\n\n\n\n<li>Isma Dahmani, Meriem Ferroum, Mhand Hifi, The Local Branching as a Learning Strategy in the Evolutionary Algorithm : The Case of the Set-Union Knapsack Problem, 2021 8th Intl. Conference on Soft Computing &amp; Machine Intelligence (ISCMI2021 ) in Cairo, Egypt during November 26-27, 2021 .<\/li>\n\n\n\n<li>M\u00e9ziane Aider, Amina N. Benahmed, Isma Dahmani, Mhand Hifi, A Hybrid Evolutionary Algorithm for the Sequencing m-Vector Bin Packing problem , 2021 8th Intl. Conference on Soft Computing &amp; Machine Intelligence (ISCMI2021 ) in Cairo, Egypt during November 26-27, 2021.<\/li>\n\n\n\n<li>S. Boukhari, I. Dahmani, M. Hifi, M\u00e9thode hybride pour la r\u00e9solution du probl\u00e8me de sac \u00e0 dos Multiple avec setup. Journ\u00e9es Doctorales de Recherche Op\u00e9rationnelle et Management JDROM?2021, 16 d\u00e9cembre 2021, USTHB.<\/li>\n\n\n\n<li>M. Hifi, I. Dahmani, M. Ferroum and S. Sadeghsa, Using a perturbation strategy for a variant of the knapsack problem , 21\u00e8me congr\u00e8s annuel de la soci\u00e9t\u00e9 Fran\u00e7aise de Recherche Op\u00e9rationnelle et d\u2019Aide \u00e0 la D\u00e9cision (ROADEF2020), Universit\u00e9 de Montpellier, 19-21 janvier 2020.<\/li>\n\n\n\n<li>Dahmani, I., Ferroum, M., Hifi, M., &amp; Sadeghsa, S. (2020, June). A Hybrid Swarm Optimization-Based Algorithm for the Set-Union Knapsack Problem. In 2020 7th International Conference on Control, Decision and Information Technologies (CoDIT) (Vol. 1, pp. 1162-1167). IEEE.<\/li>\n\n\n\n<li>S. Boukhari, I. Dahmani, M. Hifi, Computational Power of a Hybrid Algorithm for Solving the Multiple Knapsack Problem with Setup, AISCA 2020&nbsp; 4th International Conference on Artificial Intelligence, Soft Computing And Applications, 28 et 29 Novembre 2020.<\/li>\n\n\n\n<li>S. Boukhari, I. Dahmani, M. Hifi, Tackling a particular knapsack problem with local branching. Journ\u00e9es Doctorales de Recherche Op\u00e9rationnelle et Management JDROM\u20192020, 23-24 d\u00e9cembre 2020, USTHB.<\/li>\n\n\n\n<li>M. Ferroum, I. Dahmani, M. Hifi, Reactive Strategy-Based Method for the Multiple Knapsack Assignment. Journ\u00e9es Doctorales de Recherche Op\u00e9rationnelle et Management JDROM\u20192020, 23-24 d\u00e9cembre 2020, USTHB.<\/li>\n\n\n\n<li>M. Ferroum, I. Dahmani, M. Hifi, Fix and Solve Strategies-Based Algorithm for the Set Union Knapsack. Journ\u00e9es Doctorales de Recherche Op\u00e9rationnelle et Management JDROM\u20192019, 18-19 d\u00e9cembre 2019, USTHB.<\/li>\n\n\n\n<li>Y.Benkanoun , D.Chaabane&nbsp;&nbsp;&nbsp;&nbsp;&nbsp;&nbsp;Pr\u00e9sentation au s\u00e9minaire hebdomadaire du d\u00e9partement de Recherche Op\u00e9rationnelle mai 2018.&nbsp;&nbsp;Th\u00e8me : la contribution directe de la logique floue dans un probl\u00e8me de prise de d\u00e9cision.<\/li>\n\n\n\n<li>&nbsp;Y.BENKANOUN&nbsp;&nbsp;&nbsp;&nbsp;Pr\u00e9sentation au s\u00e9minaire hebdomadaire du d\u00e9partement de Recherche Op\u00e9rationnelle, F\u00e9vrier 2017. Th\u00e8me : Optimisation multi objectif par l&#8217;int\u00e9grale de Choquet sur un ensemble des plus courts chemins.<\/li>\n\n\n\n<li>&nbsp;Y.BENKANOUN&nbsp;&nbsp;&nbsp;&nbsp;D\u00e9cembre 2017 Participation aux journ\u00e9es doctorales de recherche op\u00e9rationnelle et management (JDROM&#8217; 2017). Th\u00e8me : pertinence d&#8217;une agr\u00e9gation multidimensionnelle .l&#8217;int\u00e9grale de Choquet un bon candidat.<\/li>\n\n\n\n<li>I. Dahmani. Probl\u00e8me de la distribution \u00e9quitable avec des objets communs. S\u00e9minaire hebdomadaire de Recherche Op\u00e9rationnelle : 28 avril 2015, USTHB.<\/li>\n\n\n\n<li>Y.Benkanoun et D.Chaabane&nbsp; &nbsp; &nbsp;Participation aux journ\u00e9es nationales sur la Recherche op\u00e9rationnelle au sein de l&#8217;entreprise (JNRO&#8217;2015) BORDJ BOUARRERIDJ. Th\u00e8me : Optimisation by Choquet&#8217;s Integral on the Set of Pareto Optimal Short Paths.<\/li>\n\n\n\n<li>I. Dahmani. Probl\u00e8me de la distribution \u00e9quitable. S\u00e9minaire hebdomadaire de Recherche Op\u00e9rationnelle : 04 mars 2014, USTHB.<\/li>\n\n\n\n<li>Y.BENKANOUN&nbsp;&nbsp;&nbsp;&nbsp;Participation aux journ\u00e9es doctorales du laboratoire JDL 2014 de l&#8217;Universit\u00e9 des Sciences et de la Technologie Houari Boumediene, Bab Ezzouar. Th\u00e8me : Optimisation par l&#8217;int\u00e9grale de Choquet sur un ensemble des plus courts<\/li>\n\n\n\n<li>&nbsp;Y.BENKANOUN&nbsp;&nbsp;&nbsp;&nbsp;&nbsp;&nbsp;Participation aux journ\u00e9es doctorales du laboratoire JDL 2014 de l&#8217;Universit\u00e9 des Sciences et de la Technologie Houari Boumediene, Bab Ezzouar.&nbsp;Th\u00e8me : M\u00e9thodes exacte pour l&#8217;optimisation multi objectif dans les graphes,&nbsp;&nbsp;recherche de solution de compromis. (Utilisation de l&#8217;int\u00e9grale de Choquet sur un ensemble de solutions efficaces).<\/li>\n\n\n\n<li>&nbsp;Y.Benkanoun et D.Chaabane&nbsp;&nbsp; &nbsp;&nbsp;Communication Orale pour les journ\u00e9es doctorales JDL &#8216;2014. Th\u00e8me : M\u00e9thode exactes pour l&#8217;optimisation multi objectif dans les graphes.<\/li>\n\n\n\n<li>&nbsp;Y.Benkanoun et D.Chaabane&nbsp; &nbsp; &nbsp;&nbsp;Y.BENKANOUN&nbsp;&nbsp;&nbsp;&nbsp;Participation aux journ\u00e9es doctorales du laboratoire JDL 2013 de l&#8217;Universit\u00e9 des Sciences et de la Technologie Houari Boumediene, Bab Ezzouar. Th\u00e8me : Optimisation par l&#8217;int\u00e9grale de Choquet sur un ensemble des plus courts chemins Pareto Optimal.<\/li>\n\n\n\n<li>I. Dahmani, M. Hifi and R. Ouafi. A Scatter Search-Based Algorithm for the Knapsack Sharing Problem. In Proceedings of 5th Saudi Science Conference Umm Al Qura University Makkah ; Saudi Arabia, 2012.<\/li>\n\n\n\n<li>I. Dahmani, M. Hifi and R. Ouafi. Scatter Search-Based Algorithm for the Knapsack Sharing Problem. In Proceedings of ISOR\u20192011, Alger, Alg\u00e9rie, 2011.<\/li>\n\n\n\n<li>I. Dahmani et R. Ouafi. Un algorithme am\u00e9lior\u00e9 pour la r\u00e9solution du probl\u00e8me d\u2019assemblage orthogonal rectangulaire. Communication \u00e0 la 5\u00e8me Conf\u00e9rence internationale en Recherche Op\u00e9rationnelle (CIRO\u201910) Marrakech, 2010.<\/li>\n\n\n\n<li>I. Dahmani et R. Ouafi. Probl\u00e8me d\u2019Assemblage Orthogonal Rectangulaire : Approche Algorithmique. Au 7\u00e8me Colloque sur l\u2019Optimisation et les Syst\u00e8me d\u2019Information (COSI\u2019 2010) &#8211; Ouargla, 2010.<\/li>\n\n\n\n<li>Y.BENKANOUN&nbsp; &nbsp; &nbsp;Participation aux journ\u00e9es &#8221;Technologie de communication dans la pratique \u00e0 la p\u00e9dagogie. (Ecole Nationale de Poste et T\u00e9l\u00e9communication). (UFC) (Juillet 2006 )<\/li>\n<\/ol>\n<\/blockquote>\n","protected":false},"excerpt":{"rendered":"<p>Titre de l&#8217;\u00e9quipe : Mod\u00e9lisation et R\u00e9solution Exacte et Approch\u00e9e des Probl\u00e8mes d&#8217;Optimisation Combinatoire (MREA-POC) Chef de l\u2019\u00e9quipe&nbsp;: DAHMANI Isma Grade&nbsp;: Ma\u00eetre de conf\u00e9rences Liste&nbsp; des membres de l\u2019\u00e9quipe Nom&nbsp; &amp; Pr\u00e9nom &nbsp;Grade&nbsp;Dernier Grade Sp\u00e9cialit\u00e9&nbsp; &nbsp;Structure de rattachement DAHMANI Isma&nbsp;&nbsp;&nbsp;&nbsp; <span class=\"readmore\"><a href=\"https:\/\/lamcdro.usthb.dz\/index.php\/equipes-de-recherche\/modelisation-et-resolution-exacte-et-approchee-des-problemes-doptimisation-combinatoire-mrea-poc\/\">Continue Reading<\/a><\/span><\/p>\n","protected":false},"author":1,"featured_media":0,"parent":10,"menu_order":0,"comment_status":"closed","ping_status":"closed","template":"","meta":{"footnotes":""},"class_list":["post-42","page","type-page","status-publish","hentry"],"_links":{"self":[{"href":"https:\/\/lamcdro.usthb.dz\/index.php\/wp-json\/wp\/v2\/pages\/42","targetHints":{"allow":["GET"]}}],"collection":[{"href":"https:\/\/lamcdro.usthb.dz\/index.php\/wp-json\/wp\/v2\/pages"}],"about":[{"href":"https:\/\/lamcdro.usthb.dz\/index.php\/wp-json\/wp\/v2\/types\/page"}],"author":[{"embeddable":true,"href":"https:\/\/lamcdro.usthb.dz\/index.php\/wp-json\/wp\/v2\/users\/1"}],"replies":[{"embeddable":true,"href":"https:\/\/lamcdro.usthb.dz\/index.php\/wp-json\/wp\/v2\/comments?post=42"}],"version-history":[{"count":11,"href":"https:\/\/lamcdro.usthb.dz\/index.php\/wp-json\/wp\/v2\/pages\/42\/revisions"}],"predecessor-version":[{"id":236,"href":"https:\/\/lamcdro.usthb.dz\/index.php\/wp-json\/wp\/v2\/pages\/42\/revisions\/236"}],"up":[{"embeddable":true,"href":"https:\/\/lamcdro.usthb.dz\/index.php\/wp-json\/wp\/v2\/pages\/10"}],"wp:attachment":[{"href":"https:\/\/lamcdro.usthb.dz\/index.php\/wp-json\/wp\/v2\/media?parent=42"}],"curies":[{"name":"wp","href":"https:\/\/api.w.org\/{rel}","templated":true}]}}